{"id":364,"date":"2025-02-17T21:16:33","date_gmt":"2025-02-18T02:16:33","guid":{"rendered":"https:\/\/enviosdeuna.com\/?page_id=364"},"modified":"2025-02-21T21:16:21","modified_gmt":"2025-02-22T02:16:21","slug":"nosotros","status":"publish","type":"page","link":"https:\/\/enviosdeuna.com\/index.php\/nosotros\/","title":{"rendered":"Nosotros"},"content":{"rendered":"\t\t<div data-elementor-type=\"wp-page\" data-elementor-id=\"364\" class=\"elementor elementor-364\" data-elementor-post-type=\"page\">\n\t\t\t\t<div class=\"elementor-element elementor-element-3514507 e-grid e-con-boxed e-con e-parent\" data-id=\"3514507\" data-element_type=\"container\">\n\t\t\t\t\t<div class=\"e-con-inner\">\n\t\t\t\t<div class=\"elementor-element elementor-element-c0124e7 elementor-widget elementor-widget-image\" data-id=\"c0124e7\" data-element_type=\"widget\" data-widget_type=\"image.default\">\n\t\t\t\t<div class=\"elementor-widget-container\">\n\t\t\t\t\t\t\t\t\t\t\t\t\t\t\t<img fetchpriority=\"high\" decoding=\"async\" width=\"924\" height=\"592\" src=\"https:\/\/enviosdeuna.com\/wp-content\/uploads\/2025\/02\/Titulo-2-e1740163042855.png\" class=\"attachment-1536x1536 size-1536x1536 wp-image-446\" alt=\"Tu carga, nuestro compromiso: transporte eficiente a cualquier destino.\" srcset=\"https:\/\/enviosdeuna.com\/wp-content\/uploads\/2025\/02\/Titulo-2-e1740163042855.png 924w, https:\/\/enviosdeuna.com\/wp-content\/uploads\/2025\/02\/Titulo-2-e1740163042855-300x192.png 300w, https:\/\/enviosdeuna.com\/wp-content\/uploads\/2025\/02\/Titulo-2-e1740163042855-768x492.png 768w\" sizes=\"(max-width: 924px) 100vw, 924px\" \/>\t\t\t\t\t\t\t\t\t\t\t\t\t\t\t<\/div>\n\t\t\t\t<\/div>\n\t\t<div class=\"elementor-element elementor-element-7f16ff6 e-con-full e-flex e-con e-child\" data-id=\"7f16ff6\" data-element_type=\"container\">\n\t\t\t\t<div class=\"elementor-element elementor-element-b646dfa elementor-widget elementor-widget-heading\" data-id=\"b646dfa\" data-element_type=\"widget\" data-widget_type=\"heading.default\">\n\t\t\t\t<div class=\"elementor-widget-container\">\n\t\t\t\t\t<h2 class=\"elementor-heading-title elementor-size-default\">Bienvenido a Env\u00edos de una<\/h2>\t\t\t\t<\/div>\n\t\t\t\t<\/div>\n\t\t\t\t<div class=\"elementor-element elementor-element-22a867d elementor-widget elementor-widget-text-editor\" data-id=\"22a867d\" data-element_type=\"widget\" data-widget_type=\"text-editor.default\">\n\t\t\t\t<div class=\"elementor-widget-container\">\n\t\t\t\t\t\t\t\t\t<p>Env\u00edos de una naci\u00f3 con la visi\u00f3n de <strong data-start=\"196\" data-end=\"244\">simplificar la experiencia de compra y env\u00edo<\/strong>, llevando productos directamente a la puerta de tu casa. Nuestra empresa se fund\u00f3 con el compromiso de facilitar la compra y el env\u00edo de productos desde USA, asegurando en cada proceso rapidez, transparencia y atenci\u00f3n personalizada.<\/p>\t\t\t\t\t\t\t\t<\/div>\n\t\t\t\t<\/div>\n\t\t\t\t<div class=\"elementor-element elementor-element-8afec7b elementor-widget elementor-widget-heading\" data-id=\"8afec7b\" data-element_type=\"widget\" data-widget_type=\"heading.default\">\n\t\t\t\t<div class=\"elementor-widget-container\">\n\t\t\t\t\t<h2 class=\"elementor-heading-title elementor-size-default\">Nuestra Misi\u00f3n<\/h2>\t\t\t\t<\/div>\n\t\t\t\t<\/div>\n\t\t\t\t<div class=\"elementor-element elementor-element-c2bfd1a elementor-widget elementor-widget-text-editor\" data-id=\"c2bfd1a\" data-element_type=\"widget\" data-widget_type=\"text-editor.default\">\n\t\t\t\t<div class=\"elementor-widget-container\">\n\t\t\t\t\t\t\t\t\t<p>Nos dedicamos a brindar una soluci\u00f3n integral que permite a nuestros clientes acceder a productos de Estados Unidos de manera f\u00e1cil y segura. Con env\u00edos en tan solo 3 a 5 d\u00edas h\u00e1biles y almacenamiento gratuito por X d\u00edas, trabajamos para que cada transacci\u00f3n sea clara, sin costos ocultos y con m\u00e9todos de pago seguros y flexibles.<\/p>\t\t\t\t\t\t\t\t<\/div>\n\t\t\t\t<\/div>\n\t\t\t\t<\/div>\n\t\t\t\t\t<\/div>\n\t\t\t\t<\/div>\n\t\t<div class=\"elementor-element elementor-element-c3c62df e-flex e-con-boxed e-con e-parent\" data-id=\"c3c62df\" data-element_type=\"container\">\n\t\t\t\t\t<div class=\"e-con-inner\">\n\t\t\t\t<div class=\"elementor-element elementor-element-76e60c6 elementor-widget elementor-widget-heading\" data-id=\"76e60c6\" data-element_type=\"widget\" data-widget_type=\"heading.default\">\n\t\t\t\t<div class=\"elementor-widget-container\">\n\t\t\t\t\t<h2 class=\"elementor-heading-title elementor-size-default\">nuestros Valores<\/h2>\t\t\t\t<\/div>\n\t\t\t\t<\/div>\n\t\t\t\t\t<\/div>\n\t\t\t\t<\/div>\n\t\t<div class=\"elementor-element elementor-element-4d0d2e5 e-grid e-con-boxed e-con e-parent\" data-id=\"4d0d2e5\" data-element_type=\"container\">\n\t\t\t\t\t<div class=\"e-con-inner\">\n\t\t<div class=\"elementor-element elementor-element-0f2d3fc e-con-full e-flex e-con e-child\" data-id=\"0f2d3fc\" data-element_type=\"container\">\n\t\t\t\t<div class=\"elementor-element elementor-element-d7c2fc4 elementor-widget elementor-widget-image\" data-id=\"d7c2fc4\" data-element_type=\"widget\" data-widget_type=\"image.default\">\n\t\t\t\t<div class=\"elementor-widget-container\">\n\t\t\t\t\t\t\t\t\t\t\t\t\t\t\t<img decoding=\"async\" width=\"150\" height=\"150\" src=\"https:\/\/enviosdeuna.com\/wp-content\/uploads\/2025\/02\/3-150x150.png\" class=\"attachment-thumbnail size-thumbnail wp-image-444\" alt=\"\" srcset=\"https:\/\/enviosdeuna.com\/wp-content\/uploads\/2025\/02\/3-150x150.png 150w, https:\/\/enviosdeuna.com\/wp-content\/uploads\/2025\/02\/3.png 300w\" sizes=\"(max-width: 150px) 100vw, 150px\" \/>\t\t\t\t\t\t\t\t\t\t\t\t\t\t\t<\/div>\n\t\t\t\t<\/div>\n\t\t\t\t<div class=\"elementor-element elementor-element-2f05ecd elementor-widget elementor-widget-heading\" data-id=\"2f05ecd\" data-element_type=\"widget\" data-widget_type=\"heading.default\">\n\t\t\t\t<div class=\"elementor-widget-container\">\n\t\t\t\t\t<h2 class=\"elementor-heading-title elementor-size-default\">Seguridad<\/h2>\t\t\t\t<\/div>\n\t\t\t\t<\/div>\n\t\t\t\t<div class=\"elementor-element elementor-element-2a387d6 elementor-widget elementor-widget-text-editor\" data-id=\"2a387d6\" data-element_type=\"widget\" data-widget_type=\"text-editor.default\">\n\t\t\t\t<div class=\"elementor-widget-container\">\n\t\t\t\t\t\t\t\t\t<p>Protegemos cada env\u00edo para que recibas tus productos en perfecto estado<\/p>\t\t\t\t\t\t\t\t<\/div>\n\t\t\t\t<\/div>\n\t\t\t\t<\/div>\n\t\t<div class=\"elementor-element elementor-element-3295529 e-con-full e-flex e-con e-child\" data-id=\"3295529\" data-element_type=\"container\">\n\t\t\t\t<div class=\"elementor-element elementor-element-4abeb13 elementor-widget elementor-widget-image\" data-id=\"4abeb13\" data-element_type=\"widget\" data-widget_type=\"image.default\">\n\t\t\t\t<div class=\"elementor-widget-container\">\n\t\t\t\t\t\t\t\t\t\t\t\t\t\t\t<img decoding=\"async\" width=\"150\" height=\"150\" src=\"https:\/\/enviosdeuna.com\/wp-content\/uploads\/2025\/02\/2-150x150.png\" class=\"attachment-thumbnail size-thumbnail wp-image-443\" alt=\"\" srcset=\"https:\/\/enviosdeuna.com\/wp-content\/uploads\/2025\/02\/2-150x150.png 150w, https:\/\/enviosdeuna.com\/wp-content\/uploads\/2025\/02\/2.png 300w\" sizes=\"(max-width: 150px) 100vw, 150px\" \/>\t\t\t\t\t\t\t\t\t\t\t\t\t\t\t<\/div>\n\t\t\t\t<\/div>\n\t\t\t\t<div class=\"elementor-element elementor-element-9ef3ebc elementor-widget elementor-widget-heading\" data-id=\"9ef3ebc\" data-element_type=\"widget\" data-widget_type=\"heading.default\">\n\t\t\t\t<div class=\"elementor-widget-container\">\n\t\t\t\t\t<h2 class=\"elementor-heading-title elementor-size-default\">Rapidez<\/h2>\t\t\t\t<\/div>\n\t\t\t\t<\/div>\n\t\t\t\t<div class=\"elementor-element elementor-element-d008060 elementor-widget elementor-widget-text-editor\" data-id=\"d008060\" data-element_type=\"widget\" data-widget_type=\"text-editor.default\">\n\t\t\t\t<div class=\"elementor-widget-container\">\n\t\t\t\t\t\t\t\t\t<p>Nos comprometemos a que tus compras lleguen a tiempo, con un proceso eficiente de 3 a 5 d\u00edas h\u00e1biles<\/p>\t\t\t\t\t\t\t\t<\/div>\n\t\t\t\t<\/div>\n\t\t\t\t<\/div>\n\t\t<div class=\"elementor-element elementor-element-21f6a29 e-con-full e-flex e-con e-child\" data-id=\"21f6a29\" data-element_type=\"container\">\n\t\t\t\t<div class=\"elementor-element elementor-element-d603ca9 elementor-widget elementor-widget-image\" data-id=\"d603ca9\" data-element_type=\"widget\" data-widget_type=\"image.default\">\n\t\t\t\t<div class=\"elementor-widget-container\">\n\t\t\t\t\t\t\t\t\t\t\t\t\t\t\t<img loading=\"lazy\" decoding=\"async\" width=\"150\" height=\"150\" src=\"https:\/\/enviosdeuna.com\/wp-content\/uploads\/2025\/02\/1-150x150.png\" class=\"attachment-thumbnail size-thumbnail wp-image-442\" alt=\"\" srcset=\"https:\/\/enviosdeuna.com\/wp-content\/uploads\/2025\/02\/1-150x150.png 150w, https:\/\/enviosdeuna.com\/wp-content\/uploads\/2025\/02\/1.png 300w\" sizes=\"(max-width: 150px) 100vw, 150px\" \/>\t\t\t\t\t\t\t\t\t\t\t\t\t\t\t<\/div>\n\t\t\t\t<\/div>\n\t\t\t\t<div class=\"elementor-element elementor-element-fe63ee1 elementor-widget elementor-widget-heading\" data-id=\"fe63ee1\" data-element_type=\"widget\" data-widget_type=\"heading.default\">\n\t\t\t\t<div class=\"elementor-widget-container\">\n\t\t\t\t\t<h2 class=\"elementor-heading-title elementor-size-default\">Transparencia<\/h2>\t\t\t\t<\/div>\n\t\t\t\t<\/div>\n\t\t\t\t<div class=\"elementor-element elementor-element-817c1f5 elementor-widget elementor-widget-text-editor\" data-id=\"817c1f5\" data-element_type=\"widget\" data-widget_type=\"text-editor.default\">\n\t\t\t\t<div class=\"elementor-widget-container\">\n\t\t\t\t\t\t\t\t\t<p>Tarifas claras y sin sorpresas, para que siempre sepas en qu\u00e9 inviertes<\/p>\t\t\t\t\t\t\t\t<\/div>\n\t\t\t\t<\/div>\n\t\t\t\t<\/div>\n\t\t<div class=\"elementor-element elementor-element-da14a0e e-con-full e-flex e-con e-child\" data-id=\"da14a0e\" data-element_type=\"container\">\n\t\t\t\t<div class=\"elementor-element elementor-element-4bda7d7 elementor-widget elementor-widget-image\" data-id=\"4bda7d7\" data-element_type=\"widget\" data-widget_type=\"image.default\">\n\t\t\t\t<div class=\"elementor-widget-container\">\n\t\t\t\t\t\t\t\t\t\t\t\t\t\t\t<img loading=\"lazy\" decoding=\"async\" width=\"150\" height=\"150\" src=\"https:\/\/enviosdeuna.com\/wp-content\/uploads\/2025\/02\/4-150x150.png\" class=\"attachment-thumbnail size-thumbnail wp-image-445\" alt=\"\" srcset=\"https:\/\/enviosdeuna.com\/wp-content\/uploads\/2025\/02\/4-150x150.png 150w, https:\/\/enviosdeuna.com\/wp-content\/uploads\/2025\/02\/4.png 300w\" sizes=\"(max-width: 150px) 100vw, 150px\" \/>\t\t\t\t\t\t\t\t\t\t\t\t\t\t\t<\/div>\n\t\t\t\t<\/div>\n\t\t\t\t<div class=\"elementor-element elementor-element-394a0d5 elementor-widget elementor-widget-heading\" data-id=\"394a0d5\" data-element_type=\"widget\" data-widget_type=\"heading.default\">\n\t\t\t\t<div class=\"elementor-widget-container\">\n\t\t\t\t\t<h2 class=\"elementor-heading-title elementor-size-default\">Atenci\u00f3n Personalizada<\/h2>\t\t\t\t<\/div>\n\t\t\t\t<\/div>\n\t\t\t\t<div class=\"elementor-element elementor-element-9289c9c elementor-widget elementor-widget-text-editor\" data-id=\"9289c9c\" data-element_type=\"widget\" data-widget_type=\"text-editor.default\">\n\t\t\t\t<div class=\"elementor-widget-container\">\n\t\t\t\t\t\t\t\t\t<p>Estamos aqu\u00ed para ayudarte en cada paso, ofreciendo un servicio que se adapta a tus necesidades<\/p>\t\t\t\t\t\t\t\t<\/div>\n\t\t\t\t<\/div>\n\t\t\t\t<\/div>\n\t\t\t\t\t<\/div>\n\t\t\t\t<\/div>\n\t\t\t\t<\/div>\n\t\t","protected":false},"excerpt":{"rendered":"<p>Bienvenido a Env\u00edos de una Env\u00edos de una naci\u00f3 con la visi\u00f3n de simplificar la experiencia de compra y env\u00edo, [&hellip;]<\/p>\n","protected":false},"author":3,"featured_media":0,"parent":0,"menu_order":0,"comment_status":"closed","ping_status":"closed","template":"","meta":{"_monsterinsights_skip_tracking":false,"_monsterinsights_sitenote_active":false,"_monsterinsights_sitenote_note":"","_monsterinsights_sitenote_category":0,"site-sidebar-layout":"no-sidebar","site-content-layout":"","ast-site-content-layout":"full-width-container","site-content-style":"default","site-sidebar-style":"default","ast-global-header-display":"","ast-banner-title-visibility":"","ast-main-header-display":"","ast-hfb-above-header-display":"","ast-hfb-below-header-display":"","ast-hfb-mobile-header-display":"","site-post-title":"disabled","ast-breadcrumbs-content":"","ast-featured-img":"disabled","footer-sml-layout":"","theme-transparent-header-meta":"","adv-header-id-meta":"","stick-header-meta":"","header-above-stick-meta":"","header-main-stick-meta":"","header-below-stick-meta":"","astra-migrate-meta-layouts":"default","ast-page-background-enabled":"default","ast-page-background-meta":{"desktop":{"background-color":"var(--ast-global-color-5)","background-image":"","background-repeat":"repeat","background-position":"center center","background-size":"auto","background-attachment":"scroll","background-type":"","background-media":"","overlay-type":"","overlay-color":"","overlay-opacity":"","overlay-gradient":""},"tablet":{"background-color":"","background-image":"","background-repeat":"repeat","background-position":"center center","background-size":"auto","background-attachment":"scroll","background-type":"","background-media":"","overlay-type":"","overlay-color":"","overlay-opacity":"","overlay-gradient":""},"mobile":{"background-color":"","background-image":"","background-repeat":"repeat","background-position":"center center","background-size":"auto","background-attachment":"scroll","background-type":"","background-media":"","overlay-type":"","overlay-color":"","overlay-opacity":"","overlay-gradient":""}},"ast-content-background-meta":{"desktop":{"background-color":"var(--ast-global-color-4)","background-image":"","background-repeat":"repeat","background-position":"center center","background-size":"auto","background-attachment":"scroll","background-type":"","background-media":"","overlay-type":"","overlay-color":"","overlay-opacity":"","overlay-gradient":""},"tablet":{"background-color":"var(--ast-global-color-4)","background-image":"","background-repeat":"repeat","background-position":"center center","background-size":"auto","background-attachment":"scroll","background-type":"","background-media":"","overlay-type":"","overlay-color":"","overlay-opacity":"","overlay-gradient":""},"mobile":{"background-color":"var(--ast-global-color-4)","background-image":"","background-repeat":"repeat","background-position":"center center","background-size":"auto","background-attachment":"scroll","background-type":"","background-media":"","overlay-type":"","overlay-color":"","overlay-opacity":"","overlay-gradient":""}},"footnotes":""},"class_list":["post-364","page","type-page","status-publish","hentry"],"aioseo_notices":[],"_links":{"self":[{"href":"https:\/\/enviosdeuna.com\/index.php\/wp-json\/wp\/v2\/pages\/364","targetHints":{"allow":["GET"]}}],"collection":[{"href":"https:\/\/enviosdeuna.com\/index.php\/wp-json\/wp\/v2\/pages"}],"about":[{"href":"https:\/\/enviosdeuna.com\/index.php\/wp-json\/wp\/v2\/types\/page"}],"author":[{"embeddable":true,"href":"https:\/\/enviosdeuna.com\/index.php\/wp-json\/wp\/v2\/users\/3"}],"replies":[{"embeddable":true,"href":"https:\/\/enviosdeuna.com\/index.php\/wp-json\/wp\/v2\/comments?post=364"}],"version-history":[{"count":46,"href":"https:\/\/enviosdeuna.com\/index.php\/wp-json\/wp\/v2\/pages\/364\/revisions"}],"predecessor-version":[{"id":476,"href":"https:\/\/enviosdeuna.com\/index.php\/wp-json\/wp\/v2\/pages\/364\/revisions\/476"}],"wp:attachment":[{"href":"https:\/\/enviosdeuna.com\/index.php\/wp-json\/wp\/v2\/media?parent=364"}],"curies":[{"name":"wp","href":"https:\/\/api.w.org\/{rel}","templated":true}]}}